{"id":3524,"date":"2016-08-31T05:34:20","date_gmt":"2016-08-31T05:34:20","guid":{"rendered":"http:\/\/parafiabesko.pl\/?page_id=3524"},"modified":"2016-08-31T05:34:20","modified_gmt":"2016-08-31T05:34:20","slug":"duszpasterstwo-2","status":"publish","type":"page","link":"https:\/\/parafiabesko.pl\/?page_id=3524","title":{"rendered":"Duszpasterstwo"},"content":{"rendered":"<div id=\"mw-widget-nav-menu-6\" class=\"widget frontpage-widget mw-widget-nav-menu\">\n<div class=\"widget-boxed has-head\">\n<div class=\"widget-body\">\n<ul id=\"menu-duszpasterstwo\" class=\"mw-widget-nav-menu-list\">\n<li id=\"menu-item-336\" class=\"menu-item menu-item-type-post_type menu-item-object-page menu-item-336\"><a href=\"https:\/\/parafiabesko.pl\/akcja-katolicka-2\/\">Akcja Katolicka<\/a><\/li>\n<li id=\"menu-item-338\" class=\"menu-item menu-item-type-post_type menu-item-object-page menu-item-338\"><a href=\"https:\/\/parafiabesko.pl\/domowy-kosciol-2\/\">Domowy Ko\u015bci\u00f3\u0142<\/a><\/li>\n<li id=\"menu-item-1243\" class=\"menu-item menu-item-type-taxonomy menu-item-object-category menu-item-1243\"><a href=\"https:\/\/parafiabesko.pl\/category\/ministranci\/\">Ministranci<\/a><\/li>\n<li id=\"menu-item-341\" class=\"menu-item menu-item-type-post_type menu-item-object-page menu-item-341\"><a href=\"https:\/\/parafiabesko.pl\/roze-rozancowe-2\/\">R\u00f3\u017ce R\u00f3\u017ca\u0144cowe<\/a><\/li>\n<\/ul>\n<\/div>\n<p>&nbsp;<\/p>\n<p>&nbsp;<\/p>\n<\/div>\n<\/div>\n","protected":false},"excerpt":{"rendered":"<p>Akcja Katolicka Domowy Ko\u015bci\u00f3\u0142 Ministranci R\u00f3\u017ce R\u00f3\u017ca\u0144cowe &nbsp; &nbsp;<span class=\"more-link\"><a href=\"https:\/\/parafiabesko.pl\/?page_id=3524\">Czytaj wi\u0119cej<\/a><\/span><\/p>\n","protected":false},"author":1,"featured_media":0,"parent":0,"menu_order":0,"comment_status":"closed","ping_status":"closed","template":"","meta":{"footnotes":""},"class_list":["entry","author-adminparafiibesko","post-3524","page","type-page","status-publish"],"_links":{"self":[{"href":"https:\/\/parafiabesko.pl\/index.php?rest_route=\/wp\/v2\/pages\/3524","targetHints":{"allow":["GET"]}}],"collection":[{"href":"https:\/\/parafiabesko.pl\/index.php?rest_route=\/wp\/v2\/pages"}],"about":[{"href":"https:\/\/parafiabesko.pl\/index.php?rest_route=\/wp\/v2\/types\/page"}],"author":[{"embeddable":true,"href":"https:\/\/parafiabesko.pl\/index.php?rest_route=\/wp\/v2\/users\/1"}],"replies":[{"embeddable":true,"href":"https:\/\/parafiabesko.pl\/index.php?rest_route=%2Fwp%2Fv2%2Fcomments&post=3524"}],"version-history":[{"count":0,"href":"https:\/\/parafiabesko.pl\/index.php?rest_route=\/wp\/v2\/pages\/3524\/revisions"}],"wp:attachment":[{"href":"https:\/\/parafiabesko.pl\/index.php?rest_route=%2Fwp%2Fv2%2Fmedia&parent=3524"}],"curies":[{"name":"wp","href":"https:\/\/api.w.org\/{rel}","templated":true}]}}

<div id="mw-widget-nav-menu-6" class="widget frontpage-widget mw-widget-nav-menu">
<div class="widget-boxed has-head">
<div class="widget-body">
<ul id="menu-duszpasterstwo" class="mw-widget-nav-menu-list">
<li id="menu-item-336" class="menu-item menu-item-type-post_type menu-item-object-page menu-item-336"><a href="https://parafiabesko.pl/akcja-katolicka-2/">Akcja Katolicka</a></li>
<li id="menu-item-338" class="menu-item menu-item-type-post_type menu-item-object-page menu-item-338"><a href="https://parafiabesko.pl/domowy-kosciol-2/">Domowy Kościół</a></li>
<li id="menu-item-1243" class="menu-item menu-item-type-taxonomy menu-item-object-category menu-item-1243"><a href="https://parafiabesko.pl/category/ministranci/">Ministranci</a></li>
<li id="menu-item-341" class="menu-item menu-item-type-post_type menu-item-object-page menu-item-341"><a href="https://parafiabesko.pl/roze-rozancowe-2/">Róże Różańcowe</a></li>
</ul>
</div>
<p>&nbsp;</p>
<p>&nbsp;</p>
</div>
</div>

<p>Akcja Katolicka Domowy Kościół Ministranci Róże Różańcowe &nbsp; &nbsp;<span class="more-link"><a href="https://parafiabesko.pl/?page_id=3524">Czytaj więcej</a></span></p>
